s 100110 + 110000101?
110101011
In base 15, what is 5e99 - 7c?
5e1c
In base 7, what is -552 + -301?
-1153
In base 15, what is -6e - -123a?
11bb
In base 4, what is -2132 - -302201?
300003
In base 16, what is 0 + -32d1?
-32d1
In base 6, what is -10 + 313422?
313412
In base 11, what is -930 - 127?
-a57
In base 6, what is 3204 + 4131?
11335
In base 3, what is -20220021 + 2001?
-20211020
In base 14, what is 3 + 2bd39?
2bd3c
In base 6, what is -1402502 + -24?
-1402530
In base 14, what is -36445 - 3?
-36448
In base 7, what is 25234 + -41?
25163
In base 5, what is -200224243 - 0?
-200224243
In base 12, what is b + -2524?
-2515
In base 6, what is -2335 - 102?
-2441
In base 7, what is 3 + 564261?
564264
In base 10, what is -1094 - 11?
-1105
In base 8, what is 34 - 3756?
-3722
In base 12, what is 25 - -527?
550
In base 6, what is -145 + -402?
-551
In base 4, what is -23112 - -3300?
-13212
In base 14, what is -37d0 + -13?
-3803
In base 5, what is 112002 - -1?
112003
In base 15, what is -33962 - 0?
-33962
In base 5, what is -1 + -4302133?
-4302134
In base 12, what is -3 + 10ab?
10a8
In base 9, what is 175024 + -46?
174867
In base 3, what is -11 - -12020122200?
12020122112
In base 5, what is -10 + 2140131?
2140121
In base 10, what is -2 - 333659?
-333661
In base 11, what is 1009 - -48?
1056
In base 2, what is 101 - 1101100111011110001?
-1101100111011101100
In base 16, what is -51b + a?
-511
In base 4, what is -12332 - -10323?
-2003
In base 12, what is -b5 - -8663?
856a
In base 5, what is -120342 + 1341?
-114001
In base 16, what is -3e + 4f1?
4b3
In base 4, what is 10122312 - -1112?
10130030
In base 3, what is 1100022 + 102111?
1202210
In base 2, what is 1001001000010000 - 0?
1001001000010000
In base 12, what is -7a87 - -16?
-7a71
In base 11, what is -104 - 988?
-a91
In base 9, what is -53 - -7835?
7772
In base 12, what is -25710 - 2?
-25712
In base 5, what is 131 + -2411?
-2230
In base 9, what is 0 - -442252?
442252
In base 8, what is 234 + -154?
60
In base 12, what is 37a8924 - 0?
37a8924
In base 6, what is 3354 - -130?
3524
In base 8, what is -5 + -67630?
-67635
In base 14, what is -6c - -271?
203
In base 16, what is -7a1 + -c1?
-862
In base 14, what is 6040 - -16?
6056
In base 12, what is 1 - 114?
-113
In base 13, what is 2 + 1583a?
1583c
In base 12, what is 73164 + 3?
73167
In base 11, what is -118045 - 1?
-118046
In base 14, what is -1 - 8d39?
-8d3a
In base 6, what is 4310 - -130?
4440
In base 2, what is -1010111001111101110111 + -10?
-1010111001111101111001
In base 16, what is -a32b - 5?
-a330
In base 2, what is 100 - 1011011001100111?
-1011011001100011
In base 9, what is 771 + 3?
774
In base 8, what is -46630 - 13?
-46643
In base 12, what is 6a96 + -2?
6a94
In base 3, what is -210020220 - 212?
-210021202
In base 16, what is 1 - -218d?
218e
In base 7, what is -14554 - 1151?
-16035
In base 2, what is -11100111 + 1001011101?
101110110
In base 9, what is -80604 + -7?
-80612
In base 9, what is -26 + -51026?
-51053
In base 13, what is 4 + -419c?
-4198
In base 3, what is -20122 + -12120100?
-12210222
In base 7, what is 122412 + 1?
122413
In base 10, what is 429251 + -4?
429247
In base 5, what is -2031 - 2202322?
-2204403
In base 3, what is -12100 + 2110221?
2021121
In base 2, what is -110 + -10011100011100?
-10011100100010
In base 2, what is -10 - -11010000001101011?
11010000001101001
In base 12, what is 5 + 3441?
3446
In base 15, what is 440 - -4?
444
In base 15, what is 9 - 25e?
-255
In base 6, what is -104505 + -4?
-104513
In base 12, what is 11 + -8380?
-836b
In base 8, what is -506 - 745?
-1453
In base 11, what is 263 - 9849?
-9596
In base 16, what is -1eed - -7?
-1ee6
In base 12, what is -2 - 48ba?
-4900
In base 2, what is -11001011100011 - -100111?
-11001010111100
In base 5, what is -1101 - -10442?
4341
In base 10, what is -577 + 8?
-569
In base 6, what is 4 + 143?
151
In base 15, what is b + -2ab0?
-2aa4
In base 7, what is 4 - -242154?
242161
In base 5, what is -13 - -10240414?
10240401
In base 5, what is 2 - 100020324?
-100020322
In base 11, what is 3 - -750?
753
In base 13, what is 2c6 - 1663?
-136a
In base 5, what is 4 - -44032?
44041
In base 16, what is 3 - 918b?
-9188
In base 12, what is 15 - 1136?
-1121
In base 3, what is 200 + -112212201?
-112212001
In base 5, what is 22224 - 1220?
21004
In base 9, what is 1630 - -42?
1672
In base 4, what is -3331322 - -11?
-3331311
In base 13, what is -1b + 13c3?
13a5
In base 4, what is 30 + -11201003?
-11200313
In base 6, what is 100 - 245332?
-245232
In base 10, what is -23321 + 6?
-23315
In base 14, what is -2 + -27817b?
-27817d
In base 2, what is 1100100 + 101010101?
110111001
In base 8, what is 754 - 22?
732
In base 11, what is -372 - -3?
-36a
In base 16, what is -98 - -198?
100
In base 7, what is 1044210 - 46?
1044131
In base 12, what is a7 - 261?
-176
In base 3, what is 22122121212 + 10?
22122121222
In base 2, what is -11001000111 - 10000?
-11001010111
In base 16, what is 4 + -8203?
-81ff
In base 12, what is -2 - -10ba?
10b8
In base 15, what is -9bc - -4?
-9b8
In base 13, what is 76 + 23?
99
In base 9, what is -56 - 318?
-375
In base 8, what is -7 - -6711?
6702
In base 13, what is 25397 - b?
25389
In base 16, what is -5 - 28bd?
-28c2
In base 14, what is -19a904 - 4?
-19a908
In base 10, what is -72 + 603?
531
In base 4, what is 1020 + 201332?
203012
In base 2, what is 11110010101011001 + -111?
11110010101010010
In base 10, what is -7337 - 6?
-7343
In base 5, what is 1 - -4342221?
4342222
In base 14, what is 4b10 - 4c?
4aa2
In base 3, what is 21120 + -201010?
-102120
In base 7, what is 544 + 13543?
14420
In base 5, what is -323400 + -3?
-323403
In base 11, what is 713662 - 3?
71365a
In base 9, what is 5 - 26455?
-26450
In base 5, what is -13300 + -10?
-13310
In base 10, what is -92 + 2285?
2193
In base 7, what is -163554 + 11?
-163543
In base 8, what is -425 + 26?
-377
In base 5, what is 4 + -3432222?
-3432213
In base 8, what is 0 + -71042?
-71042
In base 14, what is 78096 + 7?
7809d
In base 3, what is -11110101 + -2212?
-11120020
In base 10, what is 18949 + -95?
18854
In base 16, what is -343 + -5a?
-39d
In base 8, what is -7 - -47145?
47136
In base 15, what is 15 - -a4?
b9
In base 9, what is -242 - 1128?
-1371
In base 6, what is -3025 - -1005?
-2020
In base 3, what is 211211211 - 122?
211211012
In base 6, what is -24512 - -4?
-24504
In base 3, what is -2 + 101022202200?
101022202121
In base 11, what is 1a - -2872?
2891
In base 7, what is 6115666 - -4?
6116003
In base 5, what is 11 - 2101330?
-2101314
In base 10, what is 16510 - -5?
16515
In base 4, what is 2 - 32001?
-31333
In base 4, what is -323321 + -30?
-330011
In base 2, what is -11 + 100001110101111000?
100001110101110101
In base 13, what is 44a - 47?
403
In base 14, what is 4 - -8d9b?
8da1
In base 12, what is 1 + -56286?
-56285
In base 11, what is -27 + -790?
-807
In base 13, what is -5 + 248a8?
248a3
In base 5, what is -232 - 1004?
-1241
In base 7, what is 3443 - 6212?
-2436
In base 4, what is 123321123 + 0?
123321123
In base 4, what is -3 + 201030200?
201030131
In base 7, what is 21403253 + -1?
21403252
In base 7, what is -434 - -1441?
1004
In base 14, what is 478a - -3?
478d
In base 4, what is 21 - 1113233221?
-1113233200
In base 7, what is -21656 - -3202?
-15454
In base 9, what is -3 + 66671?
66667
In base 8, what is -445744 + -10?
-445754
In base 6, what is 0 - -1302024?
1302024
In base 4, what is -10 + -2233112?
-2233122
In base 12, what is 5bbb8 + -6?
5bbb2
In base 3, what is 121112111112 + 1?
121112111120
In base 4, what is -33 - 221102?
-221201
In base 2, what is 1010100110 - 100111?
1001111111
In base 15, what is -1b + -63a?
-656
In base 7, what is 45 + 642?
1020
In base 12, what is -4 + 322853?
32284b
In base 15, what is -3 - -52558?
52555
In base 11, what is -16 + 5a?
44
In base 11, what is -16a78 - 14?
-16a91
In base 10, what is 625 + 188?
813
In base 8, what is 45 + -116225?
-116160
In base 6, what is -3 - -1311134?
1311131
In base 9, what is -33303 - -6?
-33286
In base 8, what is 10 + 540475?
540505
In base 15, what is -94d - 59?
-9a7
In base 7, what is 10 - 1201206?
-1201166
In base 5, what is 0 - -210243?
210243
In base 6, what is 13 - 252445?
-252432
In base 8, what is 34 - -4210?
4244
In base 7, what is 1144 + 206?
1353
